*2 - 15*j**2 - 1. Determine u(-4).
-5
Let m(s) = -4*s**2 + 83*s - 45. Let n(b) = -b**2 + 28*b - 16. Let z(u) = 3*m(u) - 8*n(u). Give z(6).
-1
Let t(f) = -f - 13. Let n be t(-13). Suppose 2*r - 5*r - 15 = -3*i, n = -5*i + r + 13. Suppose i*x - x = -4. Let q(y) = -y**3 - 3*y**2 + 4*y - 3. Give q(x).
-3
Let s(v) = -3*v + 13. Suppose -4*r + 3*y + 36 = 0, -12 = -r - 3*r - 3*y. Calculate s(r).
-5
Let a(f) be the third derivative of -f**6/120 + f**5/30 + f**4/24 - f**3/6 - 19*f**2. Suppose 5*s = 2*g - 3 + 1, -g + s + 1 = 0. Determine a(g).
1
Let k(n) = n**3 + 3*n**2 - 10*n - 7. Suppose 0 = 3*i + r + 15, 2 - 22 = 4*i - 5*r. Calculate k(i).
-7
Suppose 34*y - 70 = 202. Let w(o) = o**3 - 9*o**2 + 9*o + 8. Let i(k) = -2*k**3 + 18*k**2 - 19*k - 15. Let t(h) = -2*i(h) - 5*w(h). What is t(y)?
-2
Let i be 9 + -5 + (4 - (1 + 2)). Let v(c) = c**3 - 6*c**2 + 7*c - 7. Determine v(i).
3
Let f(h) be the first derivative of 3*h**2 - 10*h - 346. What is f(4)?
14
Suppose 9*i + 3 = 12*i. Let s(q) = -9*q**2 + 10*q**2 + i - 8*q + 1. Calculate s(9).
11
Let g(s) = -s**3 - 8*s**2 - 2*s + 8. Let x be (-5 - 35/(-15))*3. What is g(x)?
24
Let d(q) = -2*q**2 - 16. Suppose -2*y - 8 = -g, 126*g - 130*g = 3*y + 12. Calculate d(g).
-16
Let n(o) be the first derivative of -1/2*o**2 + 35 + o. What is n(6)?
-5
Let u(w) = -w**2 + 3*w - 1. Let o(l) = 2*l**2 - 6*l + 2. Let b(y) = -6*o(y) - 13*u(y). Let r be (-7)/2*4/8*-16. Let m be (14/(-49))/((-2)/r). Give b(m).
5
Let g(p) = 18*p**2 - 125 + p**3 + 247 - 120 - 19*p. Calculate g(-19).
2
Let h(m) = 4*m**2 + 57*m - 78. Let r(d) = 3*d**2 + 39*d - 52. Let o(n) = 5*h(n) - 7*r(n). Determine o(9).
1
Suppose -2*d = 3*x - 20, -5*x = -9*x + 4*d. Let q(y) = -y**3 + y**2 + 4*y - 4. Give q(x).
-36
Let g(l) = -l + 7. Let w = 153 + -147. Let h be 25/15*1*w. Calculate g(h).
-3
Let d be -2*(-5)/(-10)*-7. Let s(p) = 6 + 0*p - 2*p + 1. Determine s(d).
-7
Let p(f) be the third derivative of -f**4/24 + 2*f**3/3 - 24*f**2 + 1. Let q be 2/(-6) + (-7)/(-3). Let t = q - 2. Determine p(t).
4
Let z(y) = -9*y + 14*y - 9*y + 4 + 6*y. Give z(-2).
0
Let t = 12 + -6. Let h(x) = -7*x + 17*x**2 + 15*x**2 - 31*x**2. Determine h(t).
-6
Suppose 0 = -4*g + 8*g - 8. Let o(z) = -g*z + 91 - 53 - 49. Calculate o(-8).
5
Let c(l) = l**3 + 6*l**2 - l - 2. Let u be c(-6). Let v be 18/8*(-16)/(-6). Let t be (v/u)/((-3)/(-4)). Let m(p) = -p**2 + 2*p - 1. Determine m(t).
-1
Let s = 157 + -153. Let u(b) = 8*b - 5. What is u(s)?
27
Let u be ((-6)/(-12))/((-2)/(-12)*1). Let r(d) = 9*d + 3. Let n be (3/(-2))/((-3)/(-8)). Let o(c) = 8*c + 2. Let y(q) = n*o(q) + u*r(q). Determine y(-1).
6
Let a(r) = -r - 5. Let p be a(-6). Let m(z) = 5*z**2 + 1 + 3*z**3 + 2*z - 6 + p - 2*z**3. Suppose 4*y + 12 = -v, 2*y - 1 + 7 = -2*v. What is m(y)?
8
Let i = -36 - -40. Suppose -4*d + 3*h + 35 = 0, -i*d - 4*h - 5 = h. Let s(w) = -w + 5. Give s(d).
0
Let h be ((-6)/2 - -4)/((-1)/(-3)). Let m(v) = 4 - 7*v - h*v + v**2 + 14*v. Give m(-7).
25
Let q(d) = d**2. Let h(t) = t**3 - 5*t**2 - t - 1. Let f(b) = h(b) + 3*q(b). Let y = -17 + 22. Suppose m - y*m = -12. Calculate f(m).
5
Let t = -47 + 51. Let i(s) = -6*s**3 - 2*s**2 + 3*s - 2. Let r(q) = -5*q**3 - q**2 + 3*q - 2. Let c(k) = 4*i(k) - 5*r(k). Calculate c(t).
6
Let k(p) = p**3 - 6*p**2 + 2*p - 63. Let g be k(7). Let c(v) = v**2. Give c(g).
0
Let b(a) be the second derivative of -a**3/6 + a**2/2 + a - 29. Determine b(-4).
5
Let l(v) = 39*v**2 - 5 - 3 + 2*v - 38*v**2 + 0. Calculate l(4).
16
Let q(m) be the second derivative of m**6/120 - m**5/15 - m**4/4 + 2*m**3/3 + 2*m**2 - 8*m. Let w(c) be the first derivative of q(c). Determine w(5).
-1
Let i(x) = 3*x - 6. Let l(z) = 1. Let f(t) = -i(t) - 6*l(t). Calculate f(10).
-30
Suppose 0 = -3*t - 2*t + 40. Suppose 3*i = -i - t. Let d(u) = -2*u. Let w(l) = -10*l - 2. Let k(b) = -3*d(b) + w(b). What is k(i)?
6
Let n(f) = 5*f**3 - 3*f + 2. Let i(w) = 2*w**2 + 37*w - 17. Let a be i(-19). What is n(a)?
36
Let j be (-5)/15 + 5/(-3) + 2. Let h(x) = 1 - 3*x + 2 + j. Give h(3).
-6
Let u(p) = 5*p**3 - p**2 + 6*p + 1. Let g = -7 + 2. Let r(x) = 4*x + 2 - 6*x + 6*x**3 + 0 + 8*x. Let z(t) = g*u(t) + 4*r(t). What is z(4)?
-5
Suppose 5*u + d - 4 - 27 = 0, 3*u + 4*d - 5 = 0. Suppose -13 = -3*w + 2*w. Let i(z) = -w + 14 - 4*z + u*z - z**3 - 4*z**2. Calculate i(-4).
-11
Let z(q) = 2*q**3 + q**2 + 3. Suppose 34*b - 271 + 203 = 0. Calculate z(b).
23
Let z(m) = 3*m**2 - 6*m - 10. Let f(g) = -10*g**2 + 18*g + 29. Let k(w) = -2*f(w) - 7*z(w). Determine k(9).
-15
Let f be (-1868)/16 - (12/16)/(-1). Let m be f/14 + 2/7. Let k(i) = -i**2 - 8*i + 7. What is k(m)?
7
Let p = -1015 - -1008. Let d(r) be the second derivative of -r**5/20 - r**4/2 + r**3 - 3*r**2/2 + r. Calculate d(p).
4
Suppose -85 - 7 = -n. Let s = -57 + n. Suppose -5*g = -r - s, 2*r - r - 25 = -5*g. Let j(i) = -i**3 + 7*i**2 - 5*i - 5. Calculate j(g).
1
Let z = -92 - -95. Let b(l) = 10*l - 5*l**2 + 9 - 3*l - l**3 - z. Calculate b(-6).
0
Suppose -1 = 4*p - 9. Suppose -6*u = -3*u - p*u. Let i(h) = -h + 3. Give i(u).
3
Let l(b) = b**2 + b - 1. Suppose 2*z + 11 = -9. Let i(f) = -f - 2. Let j be i(9). Let q = z - j. Determine l(q).
1
Let w(v) = v - 1. Let p(i) = -i**2 + 12*i + 2. Let n(b) = -p(b) + 6*w(b). Let x be n(6). Let r = x + 13. Let d(c) = -c**3 + 5*c**2 - c + 6. Give d(r).
1
Let a = -3 + -2. Let w = 6 + a. Let p(t) = -17*t + 3 + 6 + 12*t + 6 - 14. What is p(w)?
-4
Let c(r) = -r**3 + 4*r + 1. Let f(i) = -2*i**3 - i**2 + 8*i + 1. Let n(z) = 5*c(z) - 3*f(z). Let d = 1295 - 1293. What is n(d)?
14
Let s(c) be the third derivative of -c**5/60 - c**4/2 + 57*c**2. What is s(-13)?
-13
Let x = -10 - -5. Let u(h) = 23 - 23 - 5*h**2 - 7*h + 3*h**2. Calculate u(x).
-15
Let h(d) = -5*d**2 - d + 5. Let q(s) = -3*s**2 - 3*s - 1. Let t(i) = h(i) - 2*q(i). What is t(-2)?
1
Suppose 73 - 34 = -13*b. Let l(w) = -w**3 - 4*w**2 - 7*w - 5. Determine l(b).
7
Suppose 60*g - 2 = 58*g, -8 = 2*f - 2*g. Let i(m) = -m**3 - 3*m**2 + 2*m - 6. Determine i(f).
-12
Suppose 0 = -w - w + 10. Let k(n) = -11*n**2 + 12*n - 26. Let z(f) = 7*f**2 - 8*f + 17. Let h(x) = -5*k(x) - 8*z(x). Give h(w).
-11
Let u(c) = 7*c - 2. Let w be (15 - 12) + -21 + 1. Let y(x) = 20*x - 6. Let b(o) = w*u(o) + 6*y(o). Give b(-3).
-5
Let b(i) be the third derivative of -i**5/60 + i**4/3 - 2*i**3 - 5*i**2 + 15. Determine b(6).
0
Let m(d) = d + 6. Let p = 119 + -126. Determine m(p).
-1
Suppose -2*n + 2*d = 3*d - 49, 4*d + 68 = 4*n. Suppose 0 = -n*w + 24*w + 2. Let i(r) = -8*r. What is i(w)?
8
Let n = -118 - -127. Suppose -n*j + 5*j = 24. Let i(t) = -t - 3. Calculate i(j).
3
Let b(g) = -7 + 18 - 5107*g**2 - 8*g + 5108*g**2. Give b(10).
31
Let n(x) = -10 - 424*x - 417*x + 1257*x - 419*x. Calculate n(-6).
8
Let q be (-8 + 6)*(-1 - (-1)/(-2)). Let d(c) = 1 - 35*c + 22*c**2 - 18*c**2 + 29*c + c**q. Calculate d(-5).
6
Suppose w - 5*w = 0. Let x(m) = -m**3 - 6*m**2 + m - 9. Let a(y) = -y**3 - 7*y**2 + y - 10. Let b(c) = -5*a(c) + 6*x(c). Determine b(w).
-4
Let d(h) = 8 + 8 + 18*h**2 - 9*h + 25*h**2 - 6 - 44*h**2. Determine d(-10).
0
Suppose -3*u = -15, 9*q - q = u + 51. Let w(n) = n - 3. Give w(q).
4
Let o = -130 - -133. Let m(g) = 8*g**2 + 95*g**3 + 8*g - 47*g**o - 49*g**3 + 8. Determine m(9).
-1
Suppose -8*y = -4 - 12. Let f(j) = -2*j**2 - 5*j - 9 + 4 - j**y + 2*j**2. Give f(-5).
-5
Let s(b) be the second derivative of -b**3/3 - b**2/2 - b - 5. What is s(-3)?
5
Let c(d) = -d**3 - 7*d**2 - 2*d - 3. Let v = 62 + -51. Suppose -5*r - v = 24. What is c(r)?
11
Let g(t) be the first derivative of t**4/4 + 7*t**3/3 + 3*t**2 - 4*t + 1. Suppose r + 4 = 4*z - 6, -4*z = 5*r + 26. Calculate g(r).
-4
Let x be ((-26)/8)/((-5)/20). Let g(n) = x - 7 + n + 2 - 1. Give g(-6).
1
Let d(r) = r + 3. Let z(i) = -2*i - 10. Let t(c) = 14*d(c) + 5*z(c). What is t(-4)?
-24
Let a be (-24 - 0)/((-42)/21). Let y be (-4)/a + 1/3. Let g(m) = m**2 - 20. Give g(y).
-20
Let w(n) = -8*n - 16. Suppose 3*y + 9 = 0, 3*g - 24*y = -21*y + 30. Determine w(g).
-72
Let a(w) = 3*w**2 + 14*w - 15. Let y(u) = -5*u**2 - 21*u + 23. Suppose -57*j - 15 = -54*j. Let c(q) = j*y(q) - 8*a(q). What is c(5)?
-5
Let z(i) be the first derivative of -i**5/20 + i**4/4 + i**3/3 + 2*i**2 + 4*i - 6. Let c(s) be the first derivative of z(s). Give c(3).
10
Let z(t) be the second derivative of 1/6*t**3 - 8*t + 